{"id":259,"date":"2018-09-23T00:33:14","date_gmt":"2018-09-23T00:33:14","guid":{"rendered":"https:\/\/wfbm-onw-eh.de\/?page_id=259"},"modified":"2025-07-28T12:11:21","modified_gmt":"2025-07-28T12:11:21","slug":"anfahrtsskizze","status":"publish","type":"page","link":"https:\/\/wfbm-onw-eh.de\/?page_id=259","title":{"rendered":"Anfahrtsskizze"},"content":{"rendered":"<h4><a href=\"https:\/\/wfbm-onw-eh.de\/wp-content\/uploads\/2018\/09\/Anfahrt-Ehst.png\"><img loading=\"lazy\" decoding=\"async\" class=\"alignright size-medium wp-image-78\" src=\"https:\/\/wfbm-onw-eh.de\/wp-content\/uploads\/2018\/09\/Anfahrt-Ehst-300x206.png\" alt=\"Anfahrtskizze Eisenh\u00fcttenstadt\" width=\"300\" height=\"206\" \/><\/a><\/h4>\n<h4>LEBENSHILFE ODER-NEISSE-WERKST\u00c4TTEN e. V.<\/h4>\n<h4><\/h4>\n<h4>Ringstra\u00dfe 7<\/h4>\n<h4>15890 Eisenh\u00fcttenstadt<\/h4>\n<p>&nbsp;<\/p>\n<p>Anfahrt \u00fcber die B112 (Beeskower Stra\u00dfe), Alte Poststra\u00dfe, Ringstra\u00dfe<\/p>\n<p><a title=\"Google Maps Routenplanung\" href=\"http:\/\/maps.google.de\/maps?hl=de&amp;q=Frankfurt(Oder)+S%C3%BCdring+55&amp;um=1&amp;ie=UTF-8&amp;hq=&amp;hnear=0x47079818a9d68a65:0x2134a9237f3d848e,S%C3%BCdring+55,+Lebenshilfe+Werkst%C3%A4tten,+15236+Frankfurt+(Oder)&amp;gl=de&amp;daddr=S%C3%BCdring+55,+Lebenshilfe+Werkst%C3%A4tten,+15236+Frankfurt+(Oder)&amp;sa=X&amp;ei=TuN8U7zVKrSXyQOc4oHoCQ&amp;ved=0CDAQwwUwAA\" target=\"_blank\" rel=\"noopener\">Link zum Google Maps Routenplaner<\/a><\/p>\n<p>&nbsp;<\/p>\n<p>&nbsp;<\/p>\n<hr \/>\n<h4>LEBENSHILFE ODER-NEISSE-WERKST\u00c4TTEN e. V.<a href=\"https:\/\/wfbm-onw-eh.de\/wp-content\/uploads\/2018\/09\/anfahrt-ffo.png\"><img loading=\"lazy\" decoding=\"async\" class=\"size-medium wp-image-221 alignright\" src=\"https:\/\/wfbm-onw-eh.de\/wp-content\/uploads\/2018\/09\/anfahrt-ffo-300x238.png\" alt=\"anfahrt-ffo\" width=\"300\" height=\"238\" \/><\/a><\/h4>\n<h4>Zweigwerkstatt Frankfurt (Oder)<\/h4>\n<h4><\/h4>\n<h4>S\u00fcdring 55<\/h4>\n<h4>15236 Frankfurt (Oder)<\/h4>\n<p>&nbsp;<\/p>\n<p>Anfahrt \u00fcber die Leipziger Stra\u00dfe<\/p>\n<p><a title=\"Anfahrt Zweigwerkstatt Frankfurt(Oder)\" href=\"http:\/\/maps.google.de\/maps?hl=de&amp;q=Frankfurt(Oder)+S%C3%BCdring+55&amp;um=1&amp;ie=UTF-8&amp;hq=&amp;hnear=0x47079818a9d68a65:0x2134a9237f3d848e,S%C3%BCdring+55,+Lebenshilfe+Werkst%C3%A4tten,+15236+Frankfurt+(Oder)&amp;gl=de&amp;daddr=S%C3%BCdring+55,+Lebenshilfe+Werkst%C3%A4tten,+15236+Frankfurt+(Oder)&amp;sa=X&amp;ei=TuN8U7zVKrSXyQOc4oHoCQ&amp;ved=0CDAQwwUwAA\" target=\"_blank\" rel=\"noopener\">Link zum Google Maps Routenplaner<\/a><\/p>\n","protected":false},"excerpt":{"rendered":"<p>LEBENSHILFE ODER-NEISSE-WERKST\u00c4TTEN e. V. Ringstra\u00dfe 7 15890 Eisenh\u00fcttenstadt &nbsp; Anfahrt \u00fcber die B112 (Beeskower Stra\u00dfe), Alte Poststra\u00dfe, Ringstra\u00dfe Link zum Google Maps Routenplaner &nbsp; &nbsp; LEBENSHILFE ODER-NEISSE-WERKST\u00c4TTEN e. V. Zweigwerkstatt Frankfurt (Oder) S\u00fcdring 55 15236 Frankfurt (Oder) &nbsp; Anfahrt \u00fcber die Leipziger Stra\u00dfe Link zum Google Maps Routenplaner<\/p>\n","protected":false},"author":1,"featured_media":0,"parent":255,"menu_order":0,"comment_status":"closed","ping_status":"closed","template":"","meta":{"footnotes":""},"class_list":["post-259","page","type-page","status-publish","czr-hentry"],"_links":{"self":[{"href":"https:\/\/wfbm-onw-eh.de\/index.php?rest_route=\/wp\/v2\/pages\/259","targetHints":{"allow":["GET"]}}],"collection":[{"href":"https:\/\/wfbm-onw-eh.de\/index.php?rest_route=\/wp\/v2\/pages"}],"about":[{"href":"https:\/\/wfbm-onw-eh.de\/index.php?rest_route=\/wp\/v2\/types\/page"}],"author":[{"embeddable":true,"href":"https:\/\/wfbm-onw-eh.de\/index.php?rest_route=\/wp\/v2\/users\/1"}],"replies":[{"embeddable":true,"href":"https:\/\/wfbm-onw-eh.de\/index.php?rest_route=%2Fwp%2Fv2%2Fcomments&post=259"}],"version-history":[{"count":1,"href":"https:\/\/wfbm-onw-eh.de\/index.php?rest_route=\/wp\/v2\/pages\/259\/revisions"}],"predecessor-version":[{"id":1553,"href":"https:\/\/wfbm-onw-eh.de\/index.php?rest_route=\/wp\/v2\/pages\/259\/revisions\/1553"}],"up":[{"embeddable":true,"href":"https:\/\/wfbm-onw-eh.de\/index.php?rest_route=\/wp\/v2\/pages\/255"}],"wp:attachment":[{"href":"https:\/\/wfbm-onw-eh.de\/index.php?rest_route=%2Fwp%2Fv2%2Fmedia&parent=259"}],"curies":[{"name":"wp","href":"https:\/\/api.w.org\/{rel}","templated":true}]}}