{"id":186,"date":"2018-09-22T22:51:35","date_gmt":"2018-09-22T22:51:35","guid":{"rendered":"https:\/\/wfbm-onw-eh.de\/?page_id=186"},"modified":"2020-11-04T06:04:19","modified_gmt":"2020-11-04T06:04:19","slug":"ausgelagerte-arbeitsplaetze","status":"publish","type":"page","link":"https:\/\/wfbm-onw-eh.de\/?page_id=186","title":{"rendered":"Ausgelagerte Arbeitspl\u00e4tze"},"content":{"rendered":"<p><span style=\"font-family: arial,helvetica,sans-serif;\">Durch die Gesch\u00e4ftsf\u00fchrung, den Begleitenden Dienst und die Arbeitsvorbereitung des Lebenshilfe Oder-Nei\u00dfe-Werkst\u00e4tten e. V. werden Praktikumsbetriebe akquiriert, welche den erforderlichen Anforderungen f\u00fcr behinderte Menschen entsprechen. Hierzu werden Arbeitsplatzanalysen erstellt und Absprachen get\u00e4tigt, um die erforderlichen Grundbedingungen f\u00fcr den Erfolg des Praktikums zu erm\u00f6glichen.<\/span><\/p>\n<p><span style=\"font-family: arial,helvetica,sans-serif;\">Dazu geh\u00f6ren:<\/span><\/p>\n<address><span style=\"font-family: arial,helvetica,sans-serif;\">&#8211; Kontakte zu den Ansprechpartnern der Einrichtungen, Anleiter, eventuelle Vor<\/span><span style=\"font-family: arial,helvetica,sans-serif;\">arbeiter, Arbeitsassistenten<\/span><br \/>\n<span style=\"font-family: arial,helvetica,sans-serif;\">&#8211; Vorstellen des Praktikanten (Wunsch-, Einspruchsrecht)<\/span><br \/>\n<span style=\"font-family: arial,helvetica,sans-serif;\">&#8211; Schaffung erforderlicher Hilfsm\u00f6glichkeiten f\u00fcr den Praktikanten zur <\/span><span style=\"font-family: arial,helvetica,sans-serif;\">Realisierung der Arbeitsaufgaben<\/span><br \/>\n<span style=\"font-family: arial,helvetica,sans-serif;\">&#8211; Kl\u00e4rung zur Belastbarkeit des Mitarbeiters im Praktikum\u00a0<\/span><span style=\"font-family: arial,helvetica,sans-serif;\"> (Arbeitszeiteinschr\u00e4nkungen bzw. erforderliche Ruhepausen, \u00a0 \u00a0 \u00a0 \u00a0 \u00a0 \u00a0 \u00a0 \u00a0 \u00a0 \u00a0\u00a0 Schichtarbeit)<\/span><br \/>\n<span style=\"font-family: arial,helvetica,sans-serif;\">&#8211; Information im neuen Arbeitsumfeld zu den erforderlichen Rahmenbedingungen\u00a0 <\/span><span style=\"font-family: arial,helvetica,sans-serif;\">f\u00fcr den Einsatz des Mitarbeiters, Erreichbarkeit \u00a0 \u00a0\u00a0 der Praktikumsstelle<\/span><br \/>\n<span style=\"font-family: arial,helvetica,sans-serif;\">&#8211; Erstellen des Kooperations- bzw. Praktikumsvertrages<\/span><br \/>\n<span style=\"font-family: arial,helvetica,sans-serif;\">&#8211; Verfassen entsprechender Unterlagen und Dokumentationen <\/span><span style=\"font-family: arial,helvetica,sans-serif;\">(Anwesenheitslisten, Auswertungsb\u00f6gen etc.) zwischen \u00a0 \u00a0 \u00a0 \u00a0 \u00a0 \u00a0 \u00a0 \u00a0 \u00a0 \u00a0 \u00a0\u00a0 Praktikumsstelle und W<\/span><span style=\"font-family: arial,helvetica,sans-serif;\">fbM<\/span><\/address>\n<p><span style=\"font-family: arial,helvetica,sans-serif;\">Momentan sind 9 behinderte Mitarbeiter auf ausgelagerten Arbeitspl\u00e4tzen t\u00e4tig. So zum Beispiel in der Flaschenannahme des Marktkauf Warenhauses, bei der OID &#8211; einer Dienstleitungsgesellschaft, in verschiedenen Bereichen des AWO-Seniorenzentrums &#8222;Haus Seeberge&#8220; sowie bei einem Zweiradh\u00e4ndler.<\/span><\/p>\n<p><span style=\"font-family: arial,helvetica,sans-serif;\"><a href=\"https:\/\/wfbm-onw-eh.de\/wp-content\/uploads\/2018\/09\/f44635464.jpg\" rel=\"attachment wp-att-1093\"><img loading=\"lazy\" decoding=\"async\" class=\"alignleft wp-image-1093\" src=\"https:\/\/wfbm-onw-eh.de\/wp-content\/uploads\/2018\/09\/f44635464-300x200.jpg\" alt=\"f44635464\" width=\"336\" height=\"224\" \/><\/a><a href=\"https:\/\/wfbm-onw-eh.de\/wp-content\/uploads\/2018\/09\/HPIM5765.jpg\" rel=\"attachment wp-att-1095\"><img loading=\"lazy\" decoding=\"async\" class=\"size-medium wp-image-1095 aligncenter\" src=\"https:\/\/wfbm-onw-eh.de\/wp-content\/uploads\/2018\/09\/HPIM5765-300x224.jpg\" alt=\"HPIM5765\" width=\"300\" height=\"224\" \/><\/a><a href=\"https:\/\/wfbm-onw-eh.de\/wp-content\/uploads\/2018\/09\/IMG_0829.jpg\" rel=\"attachment wp-att-1096\"><img loading=\"lazy\" decoding=\"async\" class=\"alignleft wp-image-1096 \" src=\"https:\/\/wfbm-onw-eh.de\/wp-content\/uploads\/2018\/09\/IMG_0829-300x200.jpg\" alt=\"IMG_0829\" width=\"339\" height=\"226\" \/><\/a><a href=\"https:\/\/wfbm-onw-eh.de\/wp-content\/uploads\/2018\/09\/20160718_110257.jpg\" rel=\"attachment wp-att-1094\"><img loading=\"lazy\" decoding=\"async\" class=\"alignleft size-medium wp-image-1094\" src=\"https:\/\/wfbm-onw-eh.de\/wp-content\/uploads\/2018\/09\/20160718_110257-169x300.jpg\" alt=\"20160718_110257\" width=\"169\" height=\"300\" \/><\/a><\/span><\/p>\n<p><span style=\"font-family: arial,helvetica,sans-serif;\">Wir sind st\u00e4ndig bestrebt, Firmen f\u00fcr die Arbeit mit beeintr\u00e4chtigten Menschen zu sensibilisieren und neue Perspektiven zur Vermittlung auf dem ersten Arbeitsmarkt zu schaffen.<\/span><\/p>\n","protected":false},"excerpt":{"rendered":"<p>Durch die Gesch\u00e4ftsf\u00fchrung, den Begleitenden Dienst und die Arbeitsvorbereitung des Lebenshilfe Oder-Nei\u00dfe-Werkst\u00e4tten e. V. werden Praktikumsbetriebe akquiriert, welche den erforderlichen Anforderungen f\u00fcr behinderte Menschen entsprechen. Hierzu werden Arbeitsplatzanalysen erstellt und Absprachen get\u00e4tigt, um die erforderlichen Grundbedingungen f\u00fcr den Erfolg des Praktikums zu erm\u00f6glichen. Dazu geh\u00f6ren: &#8211; Kontakte zu den Ansprechpartnern der Einrichtungen, Anleiter, eventuelle Vorarbeiter, [&hellip;]<\/p>\n","protected":false},"author":1,"featured_media":0,"parent":29,"menu_order":0,"comment_status":"closed","ping_status":"closed","template":"","meta":{"footnotes":""},"class_list":["post-186","page","type-page","status-publish","czr-hentry"],"_links":{"self":[{"href":"https:\/\/wfbm-onw-eh.de\/index.php?rest_route=\/wp\/v2\/pages\/186","targetHints":{"allow":["GET"]}}],"collection":[{"href":"https:\/\/wfbm-onw-eh.de\/index.php?rest_route=\/wp\/v2\/pages"}],"about":[{"href":"https:\/\/wfbm-onw-eh.de\/index.php?rest_route=\/wp\/v2\/types\/page"}],"author":[{"embeddable":true,"href":"https:\/\/wfbm-onw-eh.de\/index.php?rest_route=\/wp\/v2\/users\/1"}],"replies":[{"embeddable":true,"href":"https:\/\/wfbm-onw-eh.de\/index.php?rest_route=%2Fwp%2Fv2%2Fcomments&post=186"}],"version-history":[{"count":1,"href":"https:\/\/wfbm-onw-eh.de\/index.php?rest_route=\/wp\/v2\/pages\/186\/revisions"}],"predecessor-version":[{"id":1593,"href":"https:\/\/wfbm-onw-eh.de\/index.php?rest_route=\/wp\/v2\/pages\/186\/revisions\/1593"}],"up":[{"embeddable":true,"href":"https:\/\/wfbm-onw-eh.de\/index.php?rest_route=\/wp\/v2\/pages\/29"}],"wp:attachment":[{"href":"https:\/\/wfbm-onw-eh.de\/index.php?rest_route=%2Fwp%2Fv2%2Fmedia&parent=186"}],"curies":[{"name":"wp","href":"https:\/\/api.w.org\/{rel}","templated":true}]}}

Ausgelagerte Arbeitsplätze

<p><span style="font-family: arial,helvetica,sans-serif;">Durch die Geschäftsführung, den Begleitenden Dienst und die Arbeitsvorbereitung des Lebenshilfe Oder-Neiße-Werkstätten e. V. werden Praktikumsbetriebe akquiriert, welche den erforderlichen Anforderungen für behinderte Menschen entsprechen. Hierzu werden Arbeitsplatzanalysen erstellt und Absprachen getätigt, um die erforderlichen Grundbedingungen für den Erfolg des Praktikums zu ermöglichen.</span></p>
<p><span style="font-family: arial,helvetica,sans-serif;">Dazu gehören:</span></p>
<address><span style="font-family: arial,helvetica,sans-serif;">&#8211; Kontakte zu den Ansprechpartnern der Einrichtungen, Anleiter, eventuelle Vor</span><span style="font-family: arial,helvetica,sans-serif;">arbeiter, Arbeitsassistenten</span><br />
<span style="font-family: arial,helvetica,sans-serif;">&#8211; Vorstellen des Praktikanten (Wunsch-, Einspruchsrecht)</span><br />
<span style="font-family: arial,helvetica,sans-serif;">&#8211; Schaffung erforderlicher Hilfsmöglichkeiten für den Praktikanten zur </span><span style="font-family: arial,helvetica,sans-serif;">Realisierung der Arbeitsaufgaben</span><br />
<span style="font-family: arial,helvetica,sans-serif;">&#8211; Klärung zur Belastbarkeit des Mitarbeiters im Praktikum </span><span style="font-family: arial,helvetica,sans-serif;"> (Arbeitszeiteinschränkungen bzw. erforderliche Ruhepausen,                      Schichtarbeit)</span><br />
<span style="font-family: arial,helvetica,sans-serif;">&#8211; Information im neuen Arbeitsumfeld zu den erforderlichen Rahmenbedingungen  </span><span style="font-family: arial,helvetica,sans-serif;">für den Einsatz des Mitarbeiters, Erreichbarkeit      der Praktikumsstelle</span><br />
<span style="font-family: arial,helvetica,sans-serif;">&#8211; Erstellen des Kooperations- bzw. Praktikumsvertrages</span><br />
<span style="font-family: arial,helvetica,sans-serif;">&#8211; Verfassen entsprechender Unterlagen und Dokumentationen </span><span style="font-family: arial,helvetica,sans-serif;">(Anwesenheitslisten, Auswertungsbögen etc.) zwischen                        Praktikumsstelle und W</span><span style="font-family: arial,helvetica,sans-serif;">fbM</span></address>
<p><span style="font-family: arial,helvetica,sans-serif;">Momentan sind 9 behinderte Mitarbeiter auf ausgelagerten Arbeitsplätzen tätig. So zum Beispiel in der Flaschenannahme des Marktkauf Warenhauses, bei der OID &#8211; einer Dienstleitungsgesellschaft, in verschiedenen Bereichen des AWO-Seniorenzentrums &#8222;Haus Seeberge&#8220; sowie bei einem Zweiradhändler.</span></p>
<p><span style="font-family: arial,helvetica,sans-serif;"><a href="https://wfbm-onw-eh.de/wp-content/uploads/2018/09/f44635464.jpg" rel="attachment wp-att-1093"><img loading="lazy" decoding="async" class="alignleft wp-image-1093" src="https://wfbm-onw-eh.de/wp-content/uploads/2018/09/f44635464-300x200.jpg" alt="f44635464" width="336" height="224" /></a><a href="https://wfbm-onw-eh.de/wp-content/uploads/2018/09/HPIM5765.jpg" rel="attachment wp-att-1095"><img loading="lazy" decoding="async" class="size-medium wp-image-1095 aligncenter" src="https://wfbm-onw-eh.de/wp-content/uploads/2018/09/HPIM5765-300x224.jpg" alt="HPIM5765" width="300" height="224" /></a><a href="https://wfbm-onw-eh.de/wp-content/uploads/2018/09/IMG_0829.jpg" rel="attachment wp-att-1096"><img loading="lazy" decoding="async" class="alignleft wp-image-1096 " src="https://wfbm-onw-eh.de/wp-content/uploads/2018/09/IMG_0829-300x200.jpg" alt="IMG_0829" width="339" height="226" /></a><a href="https://wfbm-onw-eh.de/wp-content/uploads/2018/09/20160718_110257.jpg" rel="attachment wp-att-1094"><img loading="lazy" decoding="async" class="alignleft size-medium wp-image-1094" src="https://wfbm-onw-eh.de/wp-content/uploads/2018/09/20160718_110257-169x300.jpg" alt="20160718_110257" width="169" height="300" /></a></span></p>
<p><span style="font-family: arial,helvetica,sans-serif;">Wir sind ständig bestrebt, Firmen für die Arbeit mit beeinträchtigten Menschen zu sensibilisieren und neue Perspektiven zur Vermittlung auf dem ersten Arbeitsmarkt zu schaffen.</span></p>

<p>Durch die Geschäftsführung, den Begleitenden Dienst und die Arbeitsvorbereitung des Lebenshilfe Oder-Neiße-Werkstätten e. V. werden Praktikumsbetriebe akquiriert, welche den erforderlichen Anforderungen für behinderte Menschen entsprechen. Hierzu werden Arbeitsplatzanalysen erstellt und Absprachen getätigt, um die erforderlichen Grundbedingungen für den Erfolg des Praktikums zu ermöglichen. Dazu gehören: &#8211; Kontakte zu den Ansprechpartnern der Einrichtungen, Anleiter, eventuelle Vorarbeiter, [&hellip;]</p>
