{"id":175,"date":"2018-09-22T22:38:55","date_gmt":"2018-09-22T22:38:55","guid":{"rendered":"https:\/\/wfbm-onw-eh.de\/?page_id=175"},"modified":"2019-06-04T12:30:24","modified_gmt":"2019-06-04T12:30:24","slug":"textil-kunstgewerbe","status":"publish","type":"page","link":"https:\/\/wfbm-onw-eh.de\/?page_id=175","title":{"rendered":"Textil- \/ Kunstgewerbe"},"content":{"rendered":"<p><a href=\"https:\/\/wfbm-onw-eh.de\/wp-content\/uploads\/2018\/09\/IMG_0519.jpg\"><img loading=\"lazy\" decoding=\"async\" class=\"alignleft size-medium wp-image-459\" src=\"https:\/\/wfbm-onw-eh.de\/wp-content\/uploads\/2018\/09\/IMG_0519-300x200.jpg\" alt=\"IMG_0519\" width=\"300\" height=\"200\" \/><\/a><img loading=\"lazy\" decoding=\"async\" class=\"alignright wp-image-265 size-thumbnail\" src=\"https:\/\/wfbm-onw-eh.de\/wp-content\/uploads\/2018\/09\/reparatur-150x150.gif\" alt=\"reparatur\" width=\"150\" height=\"150\" \/> <img loading=\"lazy\" decoding=\"async\" class=\"alignright wp-image-269 size-thumbnail\" src=\"https:\/\/wfbm-onw-eh.de\/wp-content\/uploads\/2018\/09\/kreativ-150x150.gif\" alt=\"kreativ\" width=\"150\" height=\"150\" \/> <img loading=\"lazy\" decoding=\"async\" class=\"alignright wp-image-270 size-thumbnail\" src=\"https:\/\/wfbm-onw-eh.de\/wp-content\/uploads\/2018\/09\/kreativ1-150x150.gif\" alt=\"kreativ1\" width=\"150\" height=\"150\" \/><\/p>\n<p>&nbsp;<\/p>\n<ul>\n<li><span style=\"font-family: Arial,sans-serif;\"><span style=\"font-size: medium;\">Ausbesserung und Reparatur von W\u00e4schest\u00fccken<\/span><\/span><\/li>\n<li><span style=\"font-family: Arial,sans-serif;\"><span style=\"font-size: medium;\">Besticken von Handt\u00fcchern<\/span><\/span><\/li>\n<li><span style=\"font-family: Arial,sans-serif;\"><span style=\"font-size: medium;\">Weihnachts- und Osterartikel, Deko<\/span><\/span><\/li>\n<li><span style=\"font-family: Arial,sans-serif;\"><span style=\"font-size: medium;\"><span style=\"font-family: Arial,sans-serif;\"><span style=\"font-size: medium;\">Klammerkleider, Gru\u00dfkarten, Topflappen, Sch\u00fcrzen und individuelle Geschenke<\/span><\/span><\/span><\/span><\/li>\n<li><span style=\"font-family: Arial,sans-serif;\"><span style=\"font-size: medium;\">Handarbeiten<\/span><\/span><\/li>\n<li><span style=\"font-family: Arial,sans-serif;\"><span style=\"font-size: medium;\">N\u00e4harbeiten nach Absprache<\/span><\/span><\/li>\n<\/ul>\n<p>&nbsp;<\/p>\n<p style=\"margin-bottom: 0cm;\"><strong><span style=\"font-family: Arial,sans-serif;\"><span style=\"font-size: medium;\">Technische Ausstattung:<\/span><\/span><\/strong><\/p>\n<ul>\n<li><span style=\"font-family: Arial,sans-serif;\"><span style=\"font-size: medium;\">N\u00e4h- und Stickmaschine<\/span><\/span><\/li>\n<li><span style=\"font-family: Arial,sans-serif;\"><span style=\"font-size: medium;\">manuelle Schneiderausstattung<\/span><\/span><\/li>\n<\/ul>\n<p>&nbsp;<\/p>\n<p><strong>Mit folgenden Betrieben arbeiten wir in diesem Bereich erfolgreich zusammen:<\/strong><\/p>\n<ul>\n<li>Piel-Die Technische Gro\u00dfhandlung &#8211; Aufn\u00e4hen von Firmenlogos auf Arbeitssachen<\/li>\n<li>Briesemeister &#8211; Besticken von Textilien<\/li>\n<li>nature Deco &#8211; Kleben von Musterkarten<\/li>\n<\/ul>\n<p>&nbsp;<\/p>\n<p><a title=\"Galerie Werkstattladen\" href=\"https:\/\/wfbm-onw-eh.de\/?page_id=219\"> zur Galerie<\/a><\/p>\n<p style=\"text-align: right;\"><em> <a title=\"Werkstattladen\" href=\"https:\/\/wfbm-onw-eh.de\/?page_id=221\">Angebote im Werkstattladen<\/a><\/em><\/p>\n","protected":false},"excerpt":{"rendered":"<p>&nbsp; Ausbesserung und Reparatur von W\u00e4schest\u00fccken Besticken von Handt\u00fcchern Weihnachts- und Osterartikel, Deko Klammerkleider, Gru\u00dfkarten, Topflappen, Sch\u00fcrzen und individuelle Geschenke Handarbeiten N\u00e4harbeiten nach Absprache &nbsp; Technische Ausstattung: N\u00e4h- und Stickmaschine manuelle Schneiderausstattung &nbsp; Mit folgenden Betrieben arbeiten wir in diesem Bereich erfolgreich zusammen: Piel-Die Technische Gro\u00dfhandlung &#8211; Aufn\u00e4hen von Firmenlogos auf Arbeitssachen Briesemeister &#8211; Besticken [&hellip;]<\/p>\n","protected":false},"author":1,"featured_media":0,"parent":29,"menu_order":0,"comment_status":"closed","ping_status":"closed","template":"","meta":{"footnotes":""},"class_list":["post-175","page","type-page","status-publish","czr-hentry"],"_links":{"self":[{"href":"https:\/\/wfbm-onw-eh.de\/index.php?rest_route=\/wp\/v2\/pages\/175","targetHints":{"allow":["GET"]}}],"collection":[{"href":"https:\/\/wfbm-onw-eh.de\/index.php?rest_route=\/wp\/v2\/pages"}],"about":[{"href":"https:\/\/wfbm-onw-eh.de\/index.php?rest_route=\/wp\/v2\/types\/page"}],"author":[{"embeddable":true,"href":"https:\/\/wfbm-onw-eh.de\/index.php?rest_route=\/wp\/v2\/users\/1"}],"replies":[{"embeddable":true,"href":"https:\/\/wfbm-onw-eh.de\/index.php?rest_route=%2Fwp%2Fv2%2Fcomments&post=175"}],"version-history":[{"count":0,"href":"https:\/\/wfbm-onw-eh.de\/index.php?rest_route=\/wp\/v2\/pages\/175\/revisions"}],"up":[{"embeddable":true,"href":"https:\/\/wfbm-onw-eh.de\/index.php?rest_route=\/wp\/v2\/pages\/29"}],"wp:attachment":[{"href":"https:\/\/wfbm-onw-eh.de\/index.php?rest_route=%2Fwp%2Fv2%2Fmedia&parent=175"}],"curies":[{"name":"wp","href":"https:\/\/api.w.org\/{rel}","templated":true}]}}