{"id":109,"date":"2018-09-22T21:52:14","date_gmt":"2018-09-22T21:52:14","guid":{"rendered":"https:\/\/wfbm-onw-eh.de\/?page_id=109"},"modified":"2021-02-10T08:42:31","modified_gmt":"2021-02-10T08:42:31","slug":"kueche","status":"publish","type":"page","link":"https:\/\/wfbm-onw-eh.de\/?page_id=109","title":{"rendered":"K\u00fcche"},"content":{"rendered":"<p style=\"margin-bottom: 0cm;\"><span style=\"font-family: Arial,sans-serif;\"><a href=\"https:\/\/wfbm-onw-eh.de\/wp-content\/uploads\/2018\/09\/Piktogramm-K\u00fcche.png\"><img loading=\"lazy\" decoding=\"async\" class=\"alignright  wp-image-507\" src=\"https:\/\/wfbm-onw-eh.de\/wp-content\/uploads\/2018\/09\/Piktogramm-K\u00fcche-300x300.png\" alt=\"Piktogramm K\u00fcche\" width=\"185\" height=\"185\" \/><\/a><a href=\"https:\/\/wfbm-onw-eh.de\/wp-content\/uploads\/2018\/09\/IMG_0511-300x200.jpg\"><img loading=\"lazy\" decoding=\"async\" class=\"alignleft size-medium wp-image-456\" src=\"https:\/\/wfbm-onw-eh.de\/wp-content\/uploads\/2018\/09\/IMG_0511-300x200.jpg\" alt=\"IMG_0511\" width=\"300\" height=\"200\" \/><\/a><strong>Folgende Arbeiten werden zum gegenw\u00e4rtigen Zeitpunkt in diesem Bereich ausgef\u00fchrt:<\/strong><\/span><\/p>\n<ul>\n<li><span style=\"font-family: Arial,sans-serif;\">Mittagessenversorgung als Verteilerk\u00fcche<\/span><\/li>\n<li><span style=\"font-family: Arial,sans-serif;\">Imbissbereitstellung und Pausenversorgung in der Betriebskantine<\/span><\/li>\n<\/ul>\n<ul>\n<li><span style=\"font-family: Arial,sans-serif;\">belegte Br\u00f6tchen und Kuchen &#8211; auf Anfrage auch au\u00dfer Haus<\/span><\/li>\n<\/ul>\n<p style=\"margin-bottom: 0cm;\"><span style=\"font-family: Arial,sans-serif;\">\u00a0<\/span><\/p>\n<p style=\"margin-bottom: 0cm;\"><span style=\"font-family: Arial,sans-serif;\">\u00a0<\/span><\/p>\n","protected":false},"excerpt":{"rendered":"<p>Folgende Arbeiten werden zum gegenw\u00e4rtigen Zeitpunkt in diesem Bereich ausgef\u00fchrt: Mittagessenversorgung als Verteilerk\u00fcche Imbissbereitstellung und Pausenversorgung in der Betriebskantine belegte Br\u00f6tchen und Kuchen &#8211; auf Anfrage auch au\u00dfer Haus \u00a0 \u00a0<\/p>\n","protected":false},"author":1,"featured_media":0,"parent":94,"menu_order":0,"comment_status":"closed","ping_status":"closed","template":"","meta":{"footnotes":""},"class_list":["post-109","page","type-page","status-publish","czr-hentry"],"_links":{"self":[{"href":"https:\/\/wfbm-onw-eh.de\/index.php?rest_route=\/wp\/v2\/pages\/109","targetHints":{"allow":["GET"]}}],"collection":[{"href":"https:\/\/wfbm-onw-eh.de\/index.php?rest_route=\/wp\/v2\/pages"}],"about":[{"href":"https:\/\/wfbm-onw-eh.de\/index.php?rest_route=\/wp\/v2\/types\/page"}],"author":[{"embeddable":true,"href":"https:\/\/wfbm-onw-eh.de\/index.php?rest_route=\/wp\/v2\/users\/1"}],"replies":[{"embeddable":true,"href":"https:\/\/wfbm-onw-eh.de\/index.php?rest_route=%2Fwp%2Fv2%2Fcomments&post=109"}],"version-history":[{"count":0,"href":"https:\/\/wfbm-onw-eh.de\/index.php?rest_route=\/wp\/v2\/pages\/109\/revisions"}],"up":[{"embeddable":true,"href":"https:\/\/wfbm-onw-eh.de\/index.php?rest_route=\/wp\/v2\/pages\/94"}],"wp:attachment":[{"href":"https:\/\/wfbm-onw-eh.de\/index.php?rest_route=%2Fwp%2Fv2%2Fmedia&parent=109"}],"curies":[{"name":"wp","href":"https:\/\/api.w.org\/{rel}","templated":true}]}}